{"id":2960,"date":"2020-02-26T03:08:03","date_gmt":"2020-02-26T02:08:03","guid":{"rendered":"https:\/\/www.lyli-association.fr\/?page_id=2960"},"modified":"2021-12-01T17:17:51","modified_gmt":"2021-12-01T16:17:51","slug":"the-project","status":"publish","type":"page","link":"https:\/\/www.lyli-association.fr\/?page_id=2960&lang=en","title":{"rendered":"The Project"},"content":{"rendered":"<p>[vc_row overlay_dotted=\u00a0\u00bb\u00a0\u00bb][vc_column][vc_column_text]L\u2019\u00e9cole se situe au Cambodge dans le village de Trompeng Tim, charmant petit hameau au milieu des rizi\u00e8res se situant dans les environ de Siem Reap. Deuxi\u00e8me ville du Cambodge, elle est visit\u00e9e par des millions de touristes chaque ann\u00e9e venus pour admirer les fameux temples d\u2019Angkor.<\/p>\n<p>Le potentiel touristique, et donc \u00e9conomique, de cette ville ne cesse de grandir et pourtant, les villages alentours n\u2019en profitent pas. Faire le lien entre ce village isol\u00e9 et cette ville dynamique, permettre aux enfants de poss\u00e9der l\u2019instruction n\u00e9cessaire pour aller y chercher du travail, voil\u00e0 un objectif concret qui fait partie de ce que nous attendons d\u2019une \u00e9cole: \u00eatre un tremplin vers une vie meilleure, jouer son r\u00f4le d\u2019ascenseur social.<\/p>\n<p>L\u2019id\u00e9e est donc simple : enseigner l\u2019anglais et l\u2019informatique \u00e0 ces enfants pour s\u2019int\u00e9grer dans cette nouvelle \u00e9conomie grandissante.[\/vc_column_text][\/vc_column][\/vc_row][vc_row overlay_dotted=\u00a0\u00bb\u00a0\u00bb css=\u00a0\u00bb.vc_custom_1523779799475{background-color: #f0c84c !important;}\u00a0\u00bb][vc_column][vc_column_text]L\u2019id\u00e9e est simple : enseigner l\u2019anglais et l\u2019informatique aux enfants en compl\u00e9ment indispensable de l\u2019enseignement publique assez basique.<br \/>\nPermettre aux enfants de poss\u00e9der l\u2019instruction sup\u00e9rieure pour acqu\u00e9rir un futur m\u00e9tier et nourrir leur famille.<br \/>\nEtre un tremplin vers une vie meilleure, jouer le r\u00f4le d\u2019ascenseur social.<br \/>\n[\/vc_column_text][\/vc_column][\/vc_row][vc_row][vc_column width=\u00a0\u00bb1\/2&Prime;][vc_column_text]<span style=\"color: #ffcc00;\"><strong>Le village de Trompeng Tim<\/strong><\/span> illustre parfaitement les actions que l\u2019association veut mener sur le long terme. <strong>Isol\u00e9<\/strong> et habit\u00e9 par de nombreuses <strong>familles pauvres et analphab\u00e8tes<\/strong>, ce village ressent de nombreux manques ! Si les sourires sont toujours l\u00e0, il n\u2019est pas difficile de voir et de ressentir le gap entre riches et propres. Beaucoup n\u2019ont pas acc\u00e8s aux ressources, notamment une eau potable, des soins, et peu de revenus pour s\u2019alimenter correctement.<\/p>\n<p>Depuis des ann\u00e9es, <span style=\"color: #ffcc00;\"><strong>Koay Chuon<\/strong><\/span>, qui est n\u00e9 et vit l\u00e0-bas, se bat pour se faire entendre des \u00e9trangers en visite dans son pays. C\u2019est aupr\u00e8s de moines bouddhistes qu\u2019il a pu des ann\u00e9es auparavant, acc\u00e9der \u00e0 une \u00e9ducation et m\u00eame apprendre l\u2019anglais. Aujourd\u2019hui il est guide de randonn\u00e9e en quad et profite de cet emploi pour faire visiter son village et ses alentours afin de sensibiliser les touristes \u00e0 la situation. Seul, il explique qu\u2019il souhaite construire une \u00e9cole sur le terrain de sa grand-m\u00e8re. S\u2019ils sont nombreux \u00e0 l\u2019encourager, ils ne sont aussi que de passage et <span style=\"color: #ffcc00;\"><strong>Koay<\/strong> <\/span>ne trouve aucun soutien. C\u2019est alors que pour l\u2019une de ses excursions, il rencontre Robert qui lui parle des raisons de sa pr\u00e9sence en Asie. Hasard, chance ou destin, cette rencontre a donn\u00e9 lieu au projet de <span style=\"color: #ffcc00;\"><strong>Lyli Association<\/strong><\/span>.<\/p>\n<p>L\u2019\u00e9cole, construite en Ao\u00fbt 2014, comprend un b\u00e2timent en bambou, deux toilettes, un grand lavabo et l\u2019\u00e9lectricit\u00e9. Les travaux ont n\u00e9cessit\u00e9 une mise \u00e0 niveau du sol, d\u2019importante fortification en b\u00e9ton, une r\u00e9serve d\u2019eau, l\u2019am\u00e9nagement des tuyaux, la connexion \u00e0 l\u2019\u00e9lectricit\u00e9\u2026 Le tout r\u00e9alis\u00e9 par des ouvriers locaux, encourag\u00e9 et soutenu par toute l\u2019\u00e9quipe, les familles alentours, les enfants et le tout supervis\u00e9 par Robert et Koay ! D\u00e9sireux depuis longtemps d\u2019avoir un acc\u00e8s \u00e0 Internet et de pouvoir offrir des ordinateurs aux enfants, nous avons construit en 2017 un b\u00e2timent en b\u00e9ton. Il est constitu\u00e9 de deux pieces, l\u2019une pour l\u2019informatique et les livres, et l\u2019autre pour les cours. En plus de ce b\u00e2timent, nous avons construit deux bungalows avec douche et toilettes pour accueillir des volontaires et les loger gratuitement, et un autre pour loger Koay et sa famille qui s\u2019est agrandie de deux charmants enfants Kim et Sibela.<\/p>\n<p>Nous travaillons actuellement avec des enseignants des alentours afin d\u2019assurer des cours toute la journ\u00e9e. <span style=\"color: #ffcc00;\"><strong>Koay<\/strong><\/span> et <span style=\"color: #ffcc00;\"><strong>Lyli Association<\/strong><\/span> ont l\u2019ambition de faire venir des <a href=\"https:\/\/www.lyli-association.fr\/?page_id=2719\">volontaires<\/a>\u00a0afin de renforcer l\u2019anglais et offrir aux enfants l\u2019occasion de pratiquer et conna\u00eetre un autre vision du monde, partager leur culture et apprendre de l\u2019Autre tout comme lui apprendre!<\/p>\n<p>Pour en savoir plus et mieux comprendre la situation et les besoins, n\u2019h\u00e9sitez pas \u00e0 vous rendre\u00a0sur notre page <span style=\"text-decoration: underline;\"><a href=\"http:\/\/www.facebook.com\/pages\/Un-village-Une-%C3%A9cole-par-Lyli-Association\/1413140895618331?fref=ts\">Facebook<\/a>\u00a0<\/span>ou \u00e0 <a href=\"https:\/\/www.lyli-association.fr\/?page_id=34\"><span style=\"text-decoration: underline;\">nous \u00e9crire<\/span><\/a> ![\/vc_column_text][\/vc_column][vc_column width=\u00a0\u00bb1\/2&Prime;][vc_column_text]<\/p>\n<p style=\"text-align: justify;\"><a href=\"https:\/\/www.lyli-association.fr\/wp-content\/uploads\/2014\/05\/016-tropengtim-mereseule.png\"><img loading=\"lazy\" decoding=\"async\" width=\"980\" height=\"400\" class=\"aligncenter size-full wp-image-299\" src=\"https:\/\/www.lyli-association.fr\/wp-content\/uploads\/2014\/05\/016-tropengtim-mereseule.png\" alt=\"016-tropengtim-mereseule\" srcset=\"https:\/\/www.lyli-association.fr\/wp-content\/uploads\/2014\/05\/016-tropengtim-mereseule.png 980w, https:\/\/www.lyli-association.fr\/wp-content\/uploads\/2014\/05\/016-tropengtim-mereseule-300x122.png 300w\" sizes=\"(max-width: 980px) 100vw, 980px\" \/><\/a><\/p>\n<p style=\"text-align: justify;\"><a href=\"https:\/\/www.lyli-association.fr\/wp-content\/uploads\/2014\/05\/017-Siemreap-Angkorwat.png\"><img loading=\"lazy\" decoding=\"async\" width=\"980\" height=\"400\" class=\"aligncenter size-full wp-image-300\" src=\"https:\/\/www.lyli-association.fr\/wp-content\/uploads\/2014\/05\/017-Siemreap-Angkorwat.png\" alt=\"017-Siemreap-Angkorwat\" srcset=\"https:\/\/www.lyli-association.fr\/wp-content\/uploads\/2014\/05\/017-Siemreap-Angkorwat.png 980w, https:\/\/www.lyli-association.fr\/wp-content\/uploads\/2014\/05\/017-Siemreap-Angkorwat-300x122.png 300w\" sizes=\"(max-width: 980px) 100vw, 980px\" \/><\/a><\/p>\n<p style=\"text-align: justify;\"><a href=\"https:\/\/www.lyli-association.fr\/wp-content\/uploads\/2014\/05\/018-tropengtim-robertetkoay.png\"><img loading=\"lazy\" decoding=\"async\" width=\"980\" height=\"400\" class=\"aligncenter size-full wp-image-301\" src=\"https:\/\/www.lyli-association.fr\/wp-content\/uploads\/2014\/05\/018-tropengtim-robertetkoay.png\" alt=\"018-tropengtim-robertetkoay\" srcset=\"https:\/\/www.lyli-association.fr\/wp-content\/uploads\/2014\/05\/018-tropengtim-robertetkoay.png 980w, https:\/\/www.lyli-association.fr\/wp-content\/uploads\/2014\/05\/018-tropengtim-robertetkoay-300x122.png 300w\" sizes=\"(max-width: 980px) 100vw, 980px\" \/><\/a><\/p>\n<p style=\"text-align: justify;\"><a href=\"https:\/\/www.lyli-association.fr\/wp-content\/uploads\/2014\/05\/ecolefinie.png\"><img loading=\"lazy\" decoding=\"async\" width=\"980\" height=\"400\" class=\"aligncenter size-full wp-image-372\" src=\"https:\/\/www.lyli-association.fr\/wp-content\/uploads\/2014\/05\/ecolefinie.png\" alt=\"ecolefinie\" srcset=\"https:\/\/www.lyli-association.fr\/wp-content\/uploads\/2014\/05\/ecolefinie.png 980w, https:\/\/www.lyli-association.fr\/wp-content\/uploads\/2014\/05\/ecolefinie-300x122.png 300w\" sizes=\"(max-width: 980px) 100vw, 980px\" \/><\/a><\/p>\n<p style=\"text-align: justify;\"><a href=\"https:\/\/www.lyli-association.fr\/wp-content\/uploads\/2014\/05\/okok.png\"><img loading=\"lazy\" decoding=\"async\" width=\"980\" height=\"400\" class=\"aligncenter size-full wp-image-370\" src=\"https:\/\/www.lyli-association.fr\/wp-content\/uploads\/2014\/05\/okok.png\" alt=\"okok\" srcset=\"https:\/\/www.lyli-association.fr\/wp-content\/uploads\/2014\/05\/okok.png 980w, https:\/\/www.lyli-association.fr\/wp-content\/uploads\/2014\/05\/okok-300x122.png 300w\" sizes=\"(max-width: 980px) 100vw, 980px\" \/><\/a><\/p>\n<p>[\/vc_column_text][\/vc_column][\/vc_row]<\/p>\n","protected":false},"excerpt":{"rendered":"[vc_row overlay_dotted=\u00a0\u00bb\u00a0\u00bb][vc_column][vc_column_text]L\u2019\u00e9cole se situe au Cambodge dans le village de Trompeng Tim, charmant petit hameau au milieu des rizi\u00e8res se situant dans les environ de Siem Reap. Deuxi\u00e8me ville du Cambodge, elle est visit\u00e9e par des millions de touristes chaque ann\u00e9e venus pour admirer les fameux temples d\u2019Angkor. Le potentiel touristique, et donc \u00e9conomique, de &#8230;","protected":false},"author":1,"featured_media":0,"parent":0,"menu_order":0,"comment_status":"closed","ping_status":"closed","template":"","meta":{"_exactmetrics_skip_tracking":false,"_exactmetrics_sitenote_active":false,"_exactmetrics_sitenote_note":"","_exactmetrics_sitenote_category":0,"footnotes":""},"aioseo_notices":[],"_links":{"self":[{"href":"https:\/\/www.lyli-association.fr\/index.php?rest_route=\/wp\/v2\/pages\/2960"}],"collection":[{"href":"https:\/\/www.lyli-association.fr\/index.php?rest_route=\/wp\/v2\/pages"}],"about":[{"href":"https:\/\/www.lyli-association.fr\/index.php?rest_route=\/wp\/v2\/types\/page"}],"author":[{"embeddable":true,"href":"https:\/\/www.lyli-association.fr\/index.php?rest_route=\/wp\/v2\/users\/1"}],"replies":[{"embeddable":true,"href":"https:\/\/www.lyli-association.fr\/index.php?rest_route=%2Fwp%2Fv2%2Fcomments&post=2960"}],"version-history":[{"count":2,"href":"https:\/\/www.lyli-association.fr\/index.php?rest_route=\/wp\/v2\/pages\/2960\/revisions"}],"predecessor-version":[{"id":2997,"href":"https:\/\/www.lyli-association.fr\/index.php?rest_route=\/wp\/v2\/pages\/2960\/revisions\/2997"}],"wp:attachment":[{"href":"https:\/\/www.lyli-association.fr\/index.php?rest_route=%2Fwp%2Fv2%2Fmedia&parent=2960"}],"curies":[{"name":"wp","href":"https:\/\/api.w.org\/{rel}","templated":true}]}}